{"id":24303,"date":"2025-01-14T14:29:56","date_gmt":"2025-01-14T14:29:56","guid":{"rendered":"https:\/\/pontoaautomoveis.com.br\/site\/produto\/l200-triton-hls-2-4-flex-16v-cd-mec\/"},"modified":"2026-03-19T11:02:38","modified_gmt":"2026-03-19T11:02:38","slug":"l200-triton-hls-2-4-flex-16v-cd-mec","status":"publish","type":"product","link":"https:\/\/pontoaautomoveis.com.br\/site\/produto\/l200-triton-hls-2-4-flex-16v-cd-mec\/","title":{"rendered":"L200 Triton HLS 2.4 Flex 16V CD Mec."},"content":{"rendered":"<p><strong>Opcionais<\/strong>: <br \/>Airbag motorista<br \/>Airbag passageiro<br \/>Ar Condicionado<br \/>Bancos de Couro<br \/>Dire\u00e7\u00e3o Hidr\u00e1ulica<br \/>Freios ABS<br \/>Parachoque na Cor<br \/>Porta copos<br \/>Protetor de ca\u00e7amba<br \/>R\u00e1dio AM\/FM<br \/>R\u00e1dio com Bluetooth<br \/>R\u00e1dio com entrada USB<br \/>Retrovisor fotocr\u00f4mico<br \/>Rodas de liga leve<br \/>Trava central portas<br \/>Travas El\u00e9tricas<br \/>Vidros el\u00e9tricos<\/p>\n","protected":false},"excerpt":{"rendered":"<p>ve\u00edculo com passagem por leil\u00e3o financeiro<\/p>\n","protected":false},"featured_media":28166,"template":"","meta":{"_cloudinary_featured_overwrite":false},"product_cat":[15],"product_tag":[],"class_list":{"0":"post-24303","1":"product","2":"type-product","3":"status-publish","4":"has-post-thumbnail","6":"product_cat-carros","7":"pa_ano-52","8":"pa_cambio-manual","9":"pa_combustivel-flex","10":"pa_cor-prata","11":"pa_km-45","12":"pa_marca-mitsubishi","13":"pa_modelo-l200-triton-hls-2-4-flex-16v-cd-mec","14":"pa_placa-azm-1c96","15":"pa_portas-26","17":"first","18":"instock","19":"shipping-taxable","20":"purchasable","21":"product-type-simple"},"_links":{"self":[{"href":"https:\/\/pontoaautomoveis.com.br\/site\/wp-json\/wp\/v2\/product\/24303","targetHints":{"allow":["GET"]}}],"collection":[{"href":"https:\/\/pontoaautomoveis.com.br\/site\/wp-json\/wp\/v2\/product"}],"about":[{"href":"https:\/\/pontoaautomoveis.com.br\/site\/wp-json\/wp\/v2\/types\/product"}],"wp:featuredmedia":[{"embeddable":true,"href":"https:\/\/pontoaautomoveis.com.br\/site\/wp-json\/wp\/v2\/media\/28166"}],"wp:attachment":[{"href":"https:\/\/pontoaautomoveis.com.br\/site\/wp-json\/wp\/v2\/media?parent=24303"}],"wp:term":[{"taxonomy":"product_cat","embeddable":true,"href":"https:\/\/pontoaautomoveis.com.br\/site\/wp-json\/wp\/v2\/product_cat?post=24303"},{"taxonomy":"product_tag","embeddable":true,"href":"https:\/\/pontoaautomoveis.com.br\/site\/wp-json\/wp\/v2\/product_tag?post=24303"}],"curies":[{"name":"wp","href":"https:\/\/api.w.org\/{rel}","templated":true}]}}