{"id":24439,"date":"2025-02-04T14:39:57","date_gmt":"2025-02-04T14:39:57","guid":{"rendered":"https:\/\/pontoaautomoveis.com.br\/site\/produto\/tiguan-2-0-tsi-16v-200cv-tiptronic-5p\/"},"modified":"2025-08-12T16:19:38","modified_gmt":"2025-08-12T16:19:38","slug":"tiguan-2-0-tsi-16v-200cv-tiptronic-5p","status":"publish","type":"product","link":"https:\/\/pontoaautomoveis.com.br\/site\/produto\/tiguan-2-0-tsi-16v-200cv-tiptronic-5p\/","title":{"rendered":"TIGUAN 2.0 TSI 16V 200cv Tiptronic 5p"},"content":{"rendered":"<p><strong>Opcionais<\/strong>: <br \/>Airbag motorista<br \/>Airbag passageiro<br \/>Alarme<br \/>Ar Condicionado<br \/>Ar Quente<br \/>Banco do Motorista com regulagem de altura<br \/>Banco traseiro bipartido<br \/>Banco traseiro rebat\u00edvel<br \/>Controle de som no volante<br \/>Desemba\u00e7ador Traseiro<br \/>Dire\u00e7\u00e3o Hidr\u00e1ulica<br \/>Encosto cab. traseiro<br \/>Freios ABS<br \/>Isofix<br \/>Limpador Traseiro<br \/>Manual do propriet\u00e1rio<br \/>Parachoque na Cor<br \/>Piloto Autom\u00e1tico<br \/>Porta copos<br \/>R\u00e1dio com Bluetooth<br \/>R\u00e1dio com entrada USB<br \/>Regulagem de altura far\u00f3is<br \/>Regulagem de Volante<br \/>Retrovisores el\u00e9tricos<br \/>Rodas de liga leve<br \/>Sensor de estacionamento<br \/>Travas El\u00e9tricas<br \/>Vidros el\u00e9tricos<br \/>Volante multifuncional<\/p>\n","protected":false},"excerpt":{"rendered":"<p>Opcionais: Airbag motoristaAirbag passageiroAlarmeAr CondicionadoAr QuenteBanco do Motorista com regulagem de alturaBanco traseiro bipartidoBanco traseiro rebat&iacute;velControle de som no volanteDesemba&ccedil;ador TraseiroDire&ccedil;&atilde;o Hidr&aacute;ulicaEncosto cab. traseiroFreios ABSIsofixLimpador TraseiroManual do propriet&aacute;rioParachoque na CorPiloto Autom&aacute;ticoPorta coposR&aacute;dio com BluetoothR&aacute;dio com [&hellip;]<\/p>\n","protected":false},"featured_media":26068,"template":"","meta":{"_cloudinary_featured_overwrite":false},"product_cat":[15],"product_tag":[],"class_list":{"0":"post-24439","1":"product","2":"type-product","3":"status-publish","4":"has-post-thumbnail","6":"product_cat-carros","7":"pa_ano-132","8":"pa_cambio-automatico","9":"pa_combustivel-gasolina","10":"pa_cor-preta","11":"pa_km-1880","12":"pa_marca-volkswagen","13":"pa_modelo-tiguan-2-0-tsi-16v-200cv-tiptronic-5p","14":"pa_placa-fcl-5j98","15":"pa_portas-26","17":"first","18":"instock","19":"shipping-taxable","20":"purchasable","21":"product-type-simple"},"_links":{"self":[{"href":"https:\/\/pontoaautomoveis.com.br\/site\/wp-json\/wp\/v2\/product\/24439","targetHints":{"allow":["GET"]}}],"collection":[{"href":"https:\/\/pontoaautomoveis.com.br\/site\/wp-json\/wp\/v2\/product"}],"about":[{"href":"https:\/\/pontoaautomoveis.com.br\/site\/wp-json\/wp\/v2\/types\/product"}],"wp:featuredmedia":[{"embeddable":true,"href":"https:\/\/pontoaautomoveis.com.br\/site\/wp-json\/wp\/v2\/media\/26068"}],"wp:attachment":[{"href":"https:\/\/pontoaautomoveis.com.br\/site\/wp-json\/wp\/v2\/media?parent=24439"}],"wp:term":[{"taxonomy":"product_cat","embeddable":true,"href":"https:\/\/pontoaautomoveis.com.br\/site\/wp-json\/wp\/v2\/product_cat?post=24439"},{"taxonomy":"product_tag","embeddable":true,"href":"https:\/\/pontoaautomoveis.com.br\/site\/wp-json\/wp\/v2\/product_tag?post=24439"}],"curies":[{"name":"wp","href":"https:\/\/api.w.org\/{rel}","templated":true}]}}