{"id":26275,"date":"2025-08-25T13:10:28","date_gmt":"2025-08-25T13:10:28","guid":{"rendered":"https:\/\/pontoaautomoveis.com.br\/site\/produto\/tiguan-2-0-tsi\/"},"modified":"2026-01-27T12:39:50","modified_gmt":"2026-01-27T12:39:50","slug":"tiguan-2-0-tsi","status":"publish","type":"product","link":"https:\/\/pontoaautomoveis.com.br\/site\/produto\/tiguan-2-0-tsi\/","title":{"rendered":"TIGUAN 2.0 TSI"},"content":{"rendered":"<p><strong>Opcionais<\/strong>: <br \/>Airbag motorista<br \/>Airbag passageiro<br \/>Alarme<br \/>Ar Condicionado<br \/>Ar Quente<br \/>Banco do Motorista com regulagem de altura<br \/>Bancos de Couro<br \/>Chave C\u00f3pia<br \/>Computador de Bordo<br \/>Desemba\u00e7ador Traseiro<br \/>Dire\u00e7\u00e3o Hidr\u00e1ulica<br \/>Encosto cab. traseiro<br \/>Freios ABS<br \/>IPVA pago<br \/>Isofix<br \/>Porta copos<br \/>R\u00e1dio com Bluetooth<br \/>R\u00e1dio com entrada USB<br \/>Rodas de liga leve<br \/>Tr\u00e2nsito em tempo real<br \/>Trava central portas<br \/>Vidros el\u00e9tricos<\/p>\n","protected":false},"excerpt":{"rendered":"<p>Opcionais: Airbag motoristaAirbag passageiroAlarmeAr CondicionadoAr QuenteBanco do Motorista com regulagem de alturaBancos de CouroChave C&oacute;piaComputador de BordoDesemba&ccedil;ador TraseiroDire&ccedil;&atilde;o Hidr&aacute;ulicaEncosto cab. traseiroFreios ABSIPVA pagoIsofixPorta coposR&aacute;dio com BluetoothR&aacute;dio com entrada USBRodas de liga leveTr&acirc;nsito em tempo realTrava [&hellip;]<\/p>\n","protected":false},"featured_media":27466,"template":"","meta":{"_cloudinary_featured_overwrite":false},"product_cat":[15],"product_tag":[],"class_list":{"0":"post-26275","1":"product","2":"type-product","3":"status-publish","4":"has-post-thumbnail","6":"product_cat-carros","7":"pa_ano-132","8":"pa_cambio-automatico","9":"pa_combustivel-gasolina","10":"pa_cor-branca","11":"pa_km-987","12":"pa_marca-volkswagen","13":"pa_modelo-tiguan-2-0-tsi-16v-200cv-tiptronic-5p","14":"pa_placa-owt-9h77","15":"pa_portas-26","17":"first","18":"instock","19":"shipping-taxable","20":"purchasable","21":"product-type-simple"},"_links":{"self":[{"href":"https:\/\/pontoaautomoveis.com.br\/site\/wp-json\/wp\/v2\/product\/26275","targetHints":{"allow":["GET"]}}],"collection":[{"href":"https:\/\/pontoaautomoveis.com.br\/site\/wp-json\/wp\/v2\/product"}],"about":[{"href":"https:\/\/pontoaautomoveis.com.br\/site\/wp-json\/wp\/v2\/types\/product"}],"wp:featuredmedia":[{"embeddable":true,"href":"https:\/\/pontoaautomoveis.com.br\/site\/wp-json\/wp\/v2\/media\/27466"}],"wp:attachment":[{"href":"https:\/\/pontoaautomoveis.com.br\/site\/wp-json\/wp\/v2\/media?parent=26275"}],"wp:term":[{"taxonomy":"product_cat","embeddable":true,"href":"https:\/\/pontoaautomoveis.com.br\/site\/wp-json\/wp\/v2\/product_cat?post=26275"},{"taxonomy":"product_tag","embeddable":true,"href":"https:\/\/pontoaautomoveis.com.br\/site\/wp-json\/wp\/v2\/product_tag?post=26275"}],"curies":[{"name":"wp","href":"https:\/\/api.w.org\/{rel}","templated":true}]}}