{"id":27080,"date":"2025-12-09T19:58:46","date_gmt":"2025-12-09T19:58:46","guid":{"rendered":"https:\/\/pontoaautomoveis.com.br\/site\/produto\/spacefox-1-6-1-6-trend-total-flex-8v-5p\/"},"modified":"2025-12-09T19:58:49","modified_gmt":"2025-12-09T19:58:49","slug":"spacefox-1-6-1-6-trend-total-flex-8v-5p","status":"publish","type":"product","link":"https:\/\/pontoaautomoveis.com.br\/site\/produto\/spacefox-1-6-1-6-trend-total-flex-8v-5p\/","title":{"rendered":"SPACEFOX 1.6  1.6 Trend Total Flex 8V 5p"},"content":{"rendered":"<p><strong>Opcionais<\/strong>: <br \/>Ar Condicionado Digital<br \/>Banco traseiro bipartido<br \/>Banco traseiro rebat\u00edvel<br \/>Desemba\u00e7ador Traseiro<br \/>Dire\u00e7\u00e3o Hidr\u00e1ulica<br \/>Isofix<br \/>Regulagem de Volante<br \/>Vidros el\u00e9tricos<\/p>\n","protected":false},"excerpt":{"rendered":"<p>Opcionais: Ar Condicionado DigitalBanco traseiro bipartidoBanco traseiro rebat&iacute;velDesemba&ccedil;ador TraseiroDire&ccedil;&atilde;o Hidr&aacute;ulicaIsofixRegulagem de VolanteVidros el&eacute;tricos<\/p>\n","protected":false},"featured_media":27079,"template":"","meta":{"_cloudinary_featured_overwrite":false},"product_cat":[15],"product_tag":[],"class_list":{"0":"post-27080","1":"product","2":"type-product","3":"status-publish","4":"has-post-thumbnail","6":"product_cat-carros","7":"pa_ano-144","8":"pa_cambio-manual","9":"pa_combustivel-flex","10":"pa_cor-prata","11":"pa_km-2025","12":"pa_marca-volkswagen","13":"pa_modelo-spacefox-1-6-1-6-trend-total-flex-8v-5p","14":"pa_placa-dqo-6e18","15":"pa_portas-26","17":"first","18":"instock","19":"shipping-taxable","20":"purchasable","21":"product-type-simple"},"_links":{"self":[{"href":"https:\/\/pontoaautomoveis.com.br\/site\/wp-json\/wp\/v2\/product\/27080","targetHints":{"allow":["GET"]}}],"collection":[{"href":"https:\/\/pontoaautomoveis.com.br\/site\/wp-json\/wp\/v2\/product"}],"about":[{"href":"https:\/\/pontoaautomoveis.com.br\/site\/wp-json\/wp\/v2\/types\/product"}],"wp:featuredmedia":[{"embeddable":true,"href":"https:\/\/pontoaautomoveis.com.br\/site\/wp-json\/wp\/v2\/media\/27079"}],"wp:attachment":[{"href":"https:\/\/pontoaautomoveis.com.br\/site\/wp-json\/wp\/v2\/media?parent=27080"}],"wp:term":[{"taxonomy":"product_cat","embeddable":true,"href":"https:\/\/pontoaautomoveis.com.br\/site\/wp-json\/wp\/v2\/product_cat?post=27080"},{"taxonomy":"product_tag","embeddable":true,"href":"https:\/\/pontoaautomoveis.com.br\/site\/wp-json\/wp\/v2\/product_tag?post=27080"}],"curies":[{"name":"wp","href":"https:\/\/api.w.org\/{rel}","templated":true}]}}