{"id":27675,"date":"2026-02-10T20:13:07","date_gmt":"2026-02-10T20:13:07","guid":{"rendered":"https:\/\/pontoaautomoveis.com.br\/site\/produto\/307-soleil-presence-1-6-1-6-flex-16v-5p\/"},"modified":"2026-04-14T12:38:34","modified_gmt":"2026-04-14T12:38:34","slug":"307-soleil-presence-1-6-1-6-flex-16v-5p","status":"publish","type":"product","link":"https:\/\/pontoaautomoveis.com.br\/site\/produto\/307-soleil-presence-1-6-1-6-flex-16v-5p\/","title":{"rendered":"307 Soleil  Presence 1.6 1.6 Flex 16V 5p"},"content":{"rendered":"<p><strong>Opcionais<\/strong>: <br \/>Ar Condicionado<br \/>Computador de Bordo<br \/>Desemba\u00e7ador Traseiro<br \/>Dire\u00e7\u00e3o Hidr\u00e1ulica<br \/>Farol de Milha<br \/>Limpador Traseiro<br \/>Retrovisores el\u00e9tricos<br \/>Rodas de liga leve<br \/>Teto Solar<br \/>Travas El\u00e9tricas<br \/>Vidros el\u00e9tricos<\/p>\n","protected":false},"excerpt":{"rendered":"<p>*passagem leil\u00e3o financeiro*<\/p>\n","protected":false},"featured_media":28395,"template":"","meta":{"_cloudinary_featured_overwrite":false},"product_cat":[15],"product_tag":[],"class_list":{"0":"post-27675","1":"product","2":"type-product","3":"status-publish","4":"has-post-thumbnail","6":"product_cat-carros","7":"pa_ano-108","8":"pa_cambio-manual","9":"pa_combustivel-flex","10":"pa_cor-cinza","11":"pa_km-169","12":"pa_marca-peugeot","13":"pa_modelo-307-soleil-presence-1-6-1-6-flex-16v-5p","14":"pa_placa-hix-0f47","15":"pa_portas-26","17":"first","18":"instock","19":"shipping-taxable","20":"purchasable","21":"product-type-simple"},"_links":{"self":[{"href":"https:\/\/pontoaautomoveis.com.br\/site\/wp-json\/wp\/v2\/product\/27675","targetHints":{"allow":["GET"]}}],"collection":[{"href":"https:\/\/pontoaautomoveis.com.br\/site\/wp-json\/wp\/v2\/product"}],"about":[{"href":"https:\/\/pontoaautomoveis.com.br\/site\/wp-json\/wp\/v2\/types\/product"}],"wp:featuredmedia":[{"embeddable":true,"href":"https:\/\/pontoaautomoveis.com.br\/site\/wp-json\/wp\/v2\/media\/28395"}],"wp:attachment":[{"href":"https:\/\/pontoaautomoveis.com.br\/site\/wp-json\/wp\/v2\/media?parent=27675"}],"wp:term":[{"taxonomy":"product_cat","embeddable":true,"href":"https:\/\/pontoaautomoveis.com.br\/site\/wp-json\/wp\/v2\/product_cat?post=27675"},{"taxonomy":"product_tag","embeddable":true,"href":"https:\/\/pontoaautomoveis.com.br\/site\/wp-json\/wp\/v2\/product_tag?post=27675"}],"curies":[{"name":"wp","href":"https:\/\/api.w.org\/{rel}","templated":true}]}}