{"id":27904,"date":"2026-03-03T11:25:42","date_gmt":"2026-03-03T11:25:42","guid":{"rendered":"https:\/\/pontoaautomoveis.com.br\/site\/produto\/cla-250-2-0-16v-tb-aut\/"},"modified":"2026-03-03T11:25:48","modified_gmt":"2026-03-03T11:25:48","slug":"cla-250-2-0-16v-tb-aut","status":"publish","type":"product","link":"https:\/\/pontoaautomoveis.com.br\/site\/produto\/cla-250-2-0-16v-tb-aut\/","title":{"rendered":"CLA-250 2.0 16V TB Aut."},"content":{"rendered":"<p><strong>Opcionais<\/strong>: <br \/>Airbag motorista<br \/>Airbag passageiro<br \/>Ar Condicionado<br \/>Ar Condicionado Digital<br \/>Bot\u00e3o Start\/Stop<br \/>C\u00e2mera de R\u00e9<br \/>Chave de Presen\u00e7a<br \/>Controle de estabilidade<br \/>Controle de tra\u00e7\u00e3o<br \/>Dire\u00e7\u00e3o Hidr\u00e1ulica<br \/>Regulagem de Volante<br \/>Rodas de liga leve<br \/>Travas El\u00e9tricas<\/p>\n","protected":false},"excerpt":{"rendered":"<p>Opcionais: Airbag motoristaAirbag passageiroAr CondicionadoAr Condicionado DigitalBot&atilde;o Start\/StopC&acirc;mera de R&eacute;Chave de Presen&ccedil;aControle de estabilidadeControle de tra&ccedil;&atilde;oDire&ccedil;&atilde;o Hidr&aacute;ulicaRegulagem de VolanteRodas de liga leveTravas El&eacute;tricas<\/p>\n","protected":false},"featured_media":27903,"template":"","meta":{"_cloudinary_featured_overwrite":false},"product_cat":[15],"product_tag":[],"class_list":{"0":"post-27904","1":"product","2":"type-product","3":"status-publish","4":"has-post-thumbnail","6":"product_cat-carros","7":"pa_ano-1757","8":"pa_cambio-automatico","9":"pa_combustivel-gasolina","10":"pa_cor-cinza","11":"pa_km-2084","12":"pa_marca-mercedes-benz","13":"pa_modelo-cla-250-2-0-16v-tb-aut","14":"pa_placa-fxv-2j95","15":"pa_portas-26","17":"first","18":"instock","19":"shipping-taxable","20":"purchasable","21":"product-type-simple"},"_links":{"self":[{"href":"https:\/\/pontoaautomoveis.com.br\/site\/wp-json\/wp\/v2\/product\/27904","targetHints":{"allow":["GET"]}}],"collection":[{"href":"https:\/\/pontoaautomoveis.com.br\/site\/wp-json\/wp\/v2\/product"}],"about":[{"href":"https:\/\/pontoaautomoveis.com.br\/site\/wp-json\/wp\/v2\/types\/product"}],"wp:featuredmedia":[{"embeddable":true,"href":"https:\/\/pontoaautomoveis.com.br\/site\/wp-json\/wp\/v2\/media\/27903"}],"wp:attachment":[{"href":"https:\/\/pontoaautomoveis.com.br\/site\/wp-json\/wp\/v2\/media?parent=27904"}],"wp:term":[{"taxonomy":"product_cat","embeddable":true,"href":"https:\/\/pontoaautomoveis.com.br\/site\/wp-json\/wp\/v2\/product_cat?post=27904"},{"taxonomy":"product_tag","embeddable":true,"href":"https:\/\/pontoaautomoveis.com.br\/site\/wp-json\/wp\/v2\/product_tag?post=27904"}],"curies":[{"name":"wp","href":"https:\/\/api.w.org\/{rel}","templated":true}]}}