{"id":28385,"date":"2026-04-10T16:38:37","date_gmt":"2026-04-10T16:38:37","guid":{"rendered":"https:\/\/pontoaautomoveis.com.br\/site\/produto\/500-cabrio-dualogic-flex-1-4-8v\/"},"modified":"2026-04-10T16:38:40","modified_gmt":"2026-04-10T16:38:40","slug":"500-cabrio-dualogic-flex-1-4-8v","status":"publish","type":"product","link":"https:\/\/pontoaautomoveis.com.br\/site\/produto\/500-cabrio-dualogic-flex-1-4-8v\/","title":{"rendered":"500 Cabrio Dualogic Flex 1.4 8V"},"content":{"rendered":"<p><strong>Opcionais<\/strong>: <br \/>Airbag motorista<br \/>Airbag passageiro<br \/>Alarme<br \/>Ar Condicionado<br \/>C\u00e2mbio Automatizado<br \/>C\u00e2mera de R\u00e9<br \/>Capota el\u00e9trica<br \/>Computador de Bordo<br \/>Controle de som no volante<br \/>Desemba\u00e7ador Traseiro<br \/>Dire\u00e7\u00e3o El\u00e9trica<br \/>Encosto cab. traseiro<br \/>Far\u00f3is de neblina dianteiros<br \/>Freios ABS<br \/>Kit Multim\u00eddia<br \/>Painel Digital<br \/>Rodas de liga leve<br \/>Travas El\u00e9tricas<br \/>Vidros el\u00e9tricos<\/p>\n","protected":false},"excerpt":{"rendered":"<p>Opcionais: Airbag motoristaAirbag passageiroAlarmeAr CondicionadoC&acirc;mbio AutomatizadoC&acirc;mera de R&eacute;Capota el&eacute;tricaComputador de BordoControle de som no volanteDesemba&ccedil;ador TraseiroDire&ccedil;&atilde;o El&eacute;tricaEncosto cab. traseiroFar&oacute;is de neblina dianteirosFreios ABSKit Multim&iacute;diaPainel DigitalRodas de liga leveTravas El&eacute;tricasVidros el&eacute;tricos<\/p>\n","protected":false},"featured_media":28384,"template":"","meta":{"_cloudinary_featured_overwrite":false},"product_cat":[15],"product_tag":[],"class_list":{"0":"post-28385","1":"product","2":"type-product","3":"status-publish","4":"has-post-thumbnail","6":"product_cat-carros","7":"pa_ano-52","8":"pa_cambio-automatico","9":"pa_combustivel-flex","10":"pa_cor-branca","11":"pa_km-2124","12":"pa_marca-fiat","13":"pa_modelo-500-cabrio-dualogic-flex-1-4-8v","14":"pa_placa-pvy-2c04","15":"pa_portas-26","17":"first","18":"instock","19":"shipping-taxable","20":"purchasable","21":"product-type-simple"},"_links":{"self":[{"href":"https:\/\/pontoaautomoveis.com.br\/site\/wp-json\/wp\/v2\/product\/28385","targetHints":{"allow":["GET"]}}],"collection":[{"href":"https:\/\/pontoaautomoveis.com.br\/site\/wp-json\/wp\/v2\/product"}],"about":[{"href":"https:\/\/pontoaautomoveis.com.br\/site\/wp-json\/wp\/v2\/types\/product"}],"wp:featuredmedia":[{"embeddable":true,"href":"https:\/\/pontoaautomoveis.com.br\/site\/wp-json\/wp\/v2\/media\/28384"}],"wp:attachment":[{"href":"https:\/\/pontoaautomoveis.com.br\/site\/wp-json\/wp\/v2\/media?parent=28385"}],"wp:term":[{"taxonomy":"product_cat","embeddable":true,"href":"https:\/\/pontoaautomoveis.com.br\/site\/wp-json\/wp\/v2\/product_cat?post=28385"},{"taxonomy":"product_tag","embeddable":true,"href":"https:\/\/pontoaautomoveis.com.br\/site\/wp-json\/wp\/v2\/product_tag?post=28385"}],"curies":[{"name":"wp","href":"https:\/\/api.w.org\/{rel}","templated":true}]}}